{"id":615,"date":"2025-10-09T15:58:08","date_gmt":"2025-10-09T13:58:08","guid":{"rendered":"https:\/\/www.treogsant.no\/?page_id=615"},"modified":"2025-10-12T14:32:48","modified_gmt":"2025-10-12T12:32:48","slug":"innvendige-vindusrammer","status":"publish","type":"page","link":"https:\/\/www.treogsant.no\/index.php\/noen-av-vare-prosjekter\/diverse\/innvendige-vindusrammer\/","title":{"rendered":"Innvendige vindusrammer"},"content":{"rendered":"\n<h2 class=\"wp-block-heading\">Innvendige vindusrammer<\/h2>\n\n\n\n<div class=\"wp-block-media-text is-stacked-on-mobile has-white-color has-text-color has-link-color wp-elements-99743886dc11865bd1ca0af70b9a51f2\" style=\"grid-template-columns:56% auto\"><figure class=\"wp-block-media-text__media\"><img loading=\"lazy\" decoding=\"async\" width=\"643\" height=\"1000\" src=\"https:\/\/www.treogsant.no\/wp-content\/uploads\/2025\/10\/20250912_1443541.jpg\" alt=\"Buede vindusrammer i furu klar til montering\" class=\"wp-image-618 size-full\" srcset=\"https:\/\/www.treogsant.no\/wp-content\/uploads\/2025\/10\/20250912_1443541.jpg 643w, https:\/\/www.treogsant.no\/wp-content\/uploads\/2025\/10\/20250912_1443541-193x300.jpg 193w, https:\/\/www.treogsant.no\/wp-content\/uploads\/2025\/10\/20250912_1443541-600x933.jpg 600w\" sizes=\"auto, (max-width: 643px) 100vw, 643px\" \/><\/figure><div class=\"wp-block-media-text__content\">\n<p class=\"has-cyan-bluish-gray-color has-text-color has-link-color wp-elements-34d4915695a643dbafae7a94a7322797\">Buede vindus\u00e5pninger i en intern murvegg der kunden \u00f8nsket \u00e5 tette hullene ut mot gangen utenfor, og samtidig slippe inn litt lys i rommet som skal fungere som en kjellerbar.<\/p>\n\n\n\n<p>Rammene er laget i furu, og montert mot frostet pleksiglass.<\/p>\n\n\n\n<p>P\u00e5 gangsiden har kunden ordnet med metallplater som dekker vinduskarmene.<\/p>\n<\/div><\/div>\n\n\n\n<div class=\"wp-block-columns is-layout-flex wp-container-core-columns-is-layout-9d6595d7 wp-block-columns-is-layout-flex\">\n<div class=\"wp-block-column is-layout-flow wp-block-column-is-layout-flow\" style=\"flex-basis:100%\">\n<figure class=\"wp-block-gallery has-nested-images columns-default is-cropped wp-block-gallery-1 is-layout-flex wp-block-gallery-is-layout-flex\">\n<figure class=\"wp-block-image size-full is-style-default\"><img loading=\"lazy\" decoding=\"async\" width=\"501\" height=\"768\" data-id=\"617\" src=\"https:\/\/www.treogsant.no\/wp-content\/uploads\/2025\/10\/IMG_34341.jpg\" alt=\"Buede vindusrammer i beiset furu, montert i murvegg\" class=\"wp-image-617\" srcset=\"https:\/\/www.treogsant.no\/wp-content\/uploads\/2025\/10\/IMG_34341.jpg 501w, https:\/\/www.treogsant.no\/wp-content\/uploads\/2025\/10\/IMG_34341-196x300.jpg 196w\" sizes=\"auto, (max-width: 501px) 100vw, 501px\" \/><figcaption class=\"wp-element-caption\">Buede vindusrammer i beiset furu, montert i murvegg<\/figcaption><\/figure>\n<\/figure>\n<\/div>\n\n\n\n<div class=\"wp-block-column is-layout-flow wp-block-column-is-layout-flow\"><\/div>\n<\/div>\n\n\n\n<p><\/p>\n\n\n\n<p><\/p>\n","protected":false},"excerpt":{"rendered":"<p>Innvendige vindusrammer Buede vindus\u00e5pninger i en intern murvegg der kunden \u00f8nsket \u00e5 tette hullene ut mot gangen utenfor, og samtidig slippe inn litt lys i rommet som skal fungere som en kjellerbar. Rammene er laget i furu, og montert mot frostet pleksiglass. P\u00e5 gangsiden har kunden ordnet med metallplater som dekker vinduskarmene.<\/p>\n","protected":false},"author":1,"featured_media":659,"parent":627,"menu_order":0,"comment_status":"closed","ping_status":"closed","template":"","meta":{"footnotes":""},"class_list":["post-615","page","type-page","status-publish","has-post-thumbnail","hentry"],"_links":{"self":[{"href":"https:\/\/www.treogsant.no\/index.php\/wp-json\/wp\/v2\/pages\/615","targetHints":{"allow":["GET"]}}],"collection":[{"href":"https:\/\/www.treogsant.no\/index.php\/wp-json\/wp\/v2\/pages"}],"about":[{"href":"https:\/\/www.treogsant.no\/index.php\/wp-json\/wp\/v2\/types\/page"}],"author":[{"embeddable":true,"href":"https:\/\/www.treogsant.no\/index.php\/wp-json\/wp\/v2\/users\/1"}],"replies":[{"embeddable":true,"href":"https:\/\/www.treogsant.no\/index.php\/wp-json\/wp\/v2\/comments?post=615"}],"version-history":[{"count":7,"href":"https:\/\/www.treogsant.no\/index.php\/wp-json\/wp\/v2\/pages\/615\/revisions"}],"predecessor-version":[{"id":660,"href":"https:\/\/www.treogsant.no\/index.php\/wp-json\/wp\/v2\/pages\/615\/revisions\/660"}],"up":[{"embeddable":true,"href":"https:\/\/www.treogsant.no\/index.php\/wp-json\/wp\/v2\/pages\/627"}],"wp:featuredmedia":[{"embeddable":true,"href":"https:\/\/www.treogsant.no\/index.php\/wp-json\/wp\/v2\/media\/659"}],"wp:attachment":[{"href":"https:\/\/www.treogsant.no\/index.php\/wp-json\/wp\/v2\/media?parent=615"}],"curies":[{"name":"wp","href":"https:\/\/api.w.org\/{rel}","templated":true}]}}